{"id":1874,"date":"2025-02-04T22:38:28","date_gmt":"2025-02-04T22:38:28","guid":{"rendered":"https:\/\/www.taxi-essaouira-marrakech.com\/t\/?page_id=1874"},"modified":"2025-03-17T12:50:24","modified_gmt":"2025-03-17T12:50:24","slug":"qui-sommes-nous","status":"publish","type":"page","link":"https:\/\/www.taxi-essaouira-marrakech.com\/t\/qui-sommes-nous\/","title":{"rendered":"Qui Sommes Nous &#8211; Taxi Arganier"},"content":{"rendered":"\n<div class=\"wp-block-group is-layout-constrained wp-block-group-is-layout-constrained\">\n<p>Chez <strong>Taxi Arganier<\/strong>, nous sommes passionn\u00e9s par l&#8217;offre d&#8217;exp\u00e9riences de voyage inoubliables au Maroc, que vous visitiez pour les loisirs, les affaires ou pour toute autre raison. Nous sommes sp\u00e9cialis\u00e9s dans la fourniture d&#8217;excursions et d&#8217;activit\u00e9s personnalis\u00e9es adapt\u00e9es aux individus et aux groupes, offrant une large gamme de services con\u00e7us pour vous faire d\u00e9couvrir les merveilles culturelles et naturelles du Maroc. Des rues anim\u00e9es de Marrakech aux plages sereines d&#8217;Essaouira, nous nous assurons que chaque instant de votre voyage soit confortable, s\u00fbr et rempli d&#8217;exploration.<\/p>\n\n\n\n<h3 class=\"wp-block-heading\"><strong>Notre mission<\/strong><\/h3>\n\n\n\n<p>Notre mission est simple : offrir des services de transport et des exp\u00e9riences sur mesure qui vous aident \u00e0 d\u00e9couvrir le Maroc dans toute sa splendeur. En tant que prestataire de services leader dans l\u2019industrie du tourisme, <strong>Taxi Arganier<\/strong> vise \u00e0 rendre vos d\u00e9placements aussi agr\u00e9ables et sans stress que possible. Que vous soyez un voyageur solitaire en qu\u00eate de paix et de solitude, un couple \u00e0 la recherche d&#8217;aventure, ou une famille en qu\u00eate de d\u00e9tente et de plaisir, nous avons quelque chose de sp\u00e9cial \u00e0 offrir \u00e0 chacun.<\/p>\n\n\n\n<p>Notre \u00e9quipe de chauffeurs professionnels et de guides touristiques travaille 24h\/24 pour offrir un service d\u2019excellence. Ils sont non seulement exp\u00e9riment\u00e9s, mais aussi profond\u00e9ment familiaris\u00e9s avec les joyaux cach\u00e9s du Maroc. Des sites culturels aux plages immacul\u00e9es, des dunes du d\u00e9sert aux march\u00e9s anim\u00e9s, nous vous emmenons d\u00e9couvrir les lieux qui font du Maroc l&#8217;une des destinations touristiques les plus captivantes au monde.<\/p>\n\n\n\n<h3 class=\"wp-block-heading\"><strong>Nos services<\/strong><\/h3>\n\n\n\n<p><strong>1. Excursions et visites sur mesure<\/strong><\/p>\n\n\n\n<p>Chez <strong>Taxi Arganier<\/strong>, nous offrons une large gamme d\u2019excursions sur mesure qui s\u2019adaptent \u00e0 vos pr\u00e9f\u00e9rences et int\u00e9r\u00eats. Que vous souhaitiez explorer les monuments historiques du Maroc, vous d\u00e9tendre sur la plage ou vous adonner \u00e0 des sports nautiques, nous avons la visite id\u00e9ale pour vous. Nos circuits sont con\u00e7us pour offrir un m\u00e9lange de culture, de nature, d\u2019aventure et de relaxation, vous permettant de vivre le meilleur du Maroc.<\/p>\n\n\n\n<ul class=\"wp-block-list\">\n<li><strong>Visites culturelles et historiques<\/strong> : Plongez dans l\u2019h\u00e9ritage du pays en visitant des mus\u00e9es, des m\u00e9dinas anciennes et des sites class\u00e9s au patrimoine mondial de l\u2019UNESCO. Le Maroc est connu pour son riche h\u00e9ritage culturel et artistique, des palais royaux de F\u00e8s aux souks vibrants de Marrakech. Nos chauffeurs et guides vous emm\u00e8neront vers les sites historiques les plus embl\u00e9matiques, en expliquant les d\u00e9tails complexes de chaque endroit et leur importance.<\/li>\n\n\n\n<li><strong>Plage et sports nautiques<\/strong> : Le Maroc abrite certaines des plus belles c\u00f4tes du monde, avec des destinations comme Agadir, Essaouira et Asilah offrant des kilom\u00e8tres de plages de sable fin. Que vous souhaitiez vous d\u00e9tendre au bord de l\u2019eau ou vous adonner \u00e0 des sports nautiques comme le surf, le kitesurf ou le jet-ski, nous pouvons tout organiser pour vous. Nos excursions vers les destinations baln\u00e9aires sont con\u00e7ues pour garantir un \u00e9quilibre parfait entre relaxation et excitation.<\/li>\n\n\n\n<li><strong>Aventures dans le d\u00e9sert et dans la nature<\/strong> : Pour ceux qui recherchent l\u2019aventure, nous proposons des excursions dans le d\u00e9sert marocain, y compris les c\u00e9l\u00e8bres <strong>dunes de Merzouga<\/strong>. Ces aventures sont id\u00e9ales pour les amoureux de la nature et les amateurs de sensations fortes, offrant des opportunit\u00e9s de balades \u00e0 dos de chameau, d\u2019aventures en hors-piste et d\u2019observation des \u00e9toiles sous un ciel d\u00e9sertique clair. Nos chauffeurs exp\u00e9riment\u00e9s assurent un voyage en toute s\u00e9curit\u00e9 \u00e0 travers le terrain accident\u00e9, vous offrant une exp\u00e9rience authentique et palpitante.<\/li>\n<\/ul>\n\n\n\n<p><strong>2. Services de transport<\/strong><\/p>\n\n\n\n<p>Bien que nos excursions soient con\u00e7ues pour vous offrir le meilleur du Maroc, nous proposons \u00e9galement des services de transport sans faille qui vous permettent de vous d\u00e9placer facilement et confortablement \u00e0 travers le pays. Des transferts a\u00e9roport aux trajets interurbains, nous offrons des services de taxi fiables et ponctuels avec une flotte de v\u00e9hicules modernes et climatis\u00e9s adapt\u00e9s aux individus, familles et groupes.<\/p>\n\n\n\n<ul class=\"wp-block-list\">\n<li><strong>Transferts a\u00e9roport<\/strong> : Nous offrons des services de transfert fiables depuis l\u2019<strong>a\u00e9roport F\u00e8s Sa\u00efs<\/strong>, l\u2019<strong>a\u00e9roport Marrakech Menara<\/strong> et d\u2019autres a\u00e9roports majeurs du Maroc. Que vous arriviez pour la premi\u00e8re fois ou que vous reveniez pour une autre visite, nous garantissons un transfert fluide et confortable vers votre h\u00f4tel ou votre destination.<\/li>\n\n\n\n<li><strong>Transferts priv\u00e9s<\/strong> : Pour ceux qui pr\u00e9f\u00e8rent la confidentialit\u00e9 et la flexibilit\u00e9, nous proposons des transferts priv\u00e9s vers les principales destinations du Maroc. Que vous vous rendiez \u00e0 <strong>Marrakech<\/strong>, <strong>Casablanca<\/strong>, <strong>Agadir<\/strong> ou <strong>Chefchaouen<\/strong>, nous offrons des transferts s\u00fbrs et efficaces, vous garantissant d\u2019arriver \u00e0 destination sans stress.<\/li>\n\n\n\n<li><strong>Voyages de groupe<\/strong> : Nous comprenons que les voyages en groupe n\u00e9cessitent une attention particuli\u00e8re, c\u2019est pourquoi nous proposons des options de transport pour des groupes de toutes tailles. Que vous soyez en vacances en famille, en voyage d\u2019affaires ou pour un \u00e9v\u00e9nement sp\u00e9cial, nous pouvons fournir un transport adapt\u00e9 \u00e0 vos besoins. Nos vans et minibuses confortables sont \u00e9quip\u00e9s pour accueillir des groupes plus nombreux, garantissant que tout le monde voyage ensemble en toute tranquillit\u00e9.<\/li>\n<\/ul>\n\n\n\n<p><strong>3. Assistance bagages<\/strong><\/p>\n\n\n\n<p>Nous savons que le d\u00e9but d\u2019un voyage peut \u00eatre stressant, surtout lorsqu\u2019il s\u2019agit de transporter des bagages lourds. Pour rendre votre voyage plus agr\u00e9able, nos chauffeurs se chargent de vos bagages d\u00e8s votre arriv\u00e9e \u00e0 l\u2019a\u00e9roport jusqu\u2019\u00e0 votre destination finale. Ce service personnalis\u00e9 vous permet de ne pas vous soucier de vos sacs et de vous concentrer sur le plaisir de votre voyage.<\/p>\n\n\n\n<h3 class=\"wp-block-heading\"><strong>Pourquoi choisir Taxi Arganier ?<\/strong><\/h3>\n\n\n\n<p>Il existe de nombreuses raisons pour lesquelles <strong>Taxi Arganier<\/strong> se distingue sur le march\u00e9 du tourisme au Maroc, et pourquoi nous avons gagn\u00e9 une r\u00e9putation en tant que l&#8217;un des prestataires de services les plus fiables et dignes de confiance du pays.<\/p>\n\n\n\n<ul class=\"wp-block-list\">\n<li><strong>Tarifs fixes et transparents<\/strong> : Nous sommes fiers d\u2019offrir des <strong>tarifs fixes et transparents<\/strong>. Contrairement \u00e0 de nombreuses autres entreprises qui facturent des frais cach\u00e9s ou des co\u00fbts inattendus, nous nous assurons que nos prix sont clairs d\u00e8s le d\u00e9part, ce qui vous permet de planifier votre budget en toute tranquillit\u00e9.<\/li>\n\n\n\n<li><strong>Chauffeurs professionnels et exp\u00e9riment\u00e9s<\/strong> : Nos chauffeurs sont non seulement professionnels, mais aussi tr\u00e8s familiaris\u00e9s avec les meilleures routes et les attractions locales. Ils sont courtois, ponctuels et engag\u00e9s \u00e0 rendre votre voyage aussi agr\u00e9able que possible. Que vous vous rendiez dans un village isol\u00e9 ou dans une ville anim\u00e9e, nos chauffeurs veillent \u00e0 ce que vous arriviez \u00e0 destination en toute s\u00e9curit\u00e9 et \u00e0 l\u2019heure.<\/li>\n\n\n\n<li><strong>V\u00e9hicules modernes et confortables<\/strong> : Le confort est essentiel lors de vos d\u00e9placements, et chez <strong>Taxi Arganier<\/strong>, nous nous assurons que votre trajet soit toujours agr\u00e9able. Notre flotte se compose de v\u00e9hicules modernes et bien entretenus, \u00e9quip\u00e9s de la climatisation et offrant suffisamment d\u2019espace pour vous et vos affaires. Que vous voyagiez seul, en couple ou en groupe, nous avons le v\u00e9hicule qui r\u00e9pond \u00e0 vos besoins.<\/li>\n\n\n\n<li><strong>Disponibilit\u00e9 24\/7<\/strong> : Nous savons que votre emploi du temps de voyage ne correspond pas toujours aux horaires classiques de travail. C\u2019est pourquoi <strong>Taxi Arganier<\/strong> propose un service 24h\/24, vous garantissant que peu importe l\u2019heure \u00e0 laquelle vous avez besoin de nous, nous serons l\u00e0 pour vous assister. Que ce soit pour un transfert tard dans la nuit ou une excursion t\u00f4t le matin, nous sommes toujours pr\u00eats \u00e0 vous fournir le transport dont vous avez besoin.<\/li>\n\n\n\n<li><strong>Services sur mesure pour les individus et les groupes<\/strong> : Que vous voyagiez seul ou en groupe, nous proposons des services pouvant \u00eatre personnalis\u00e9s selon vos besoins. Des transferts priv\u00e9s aux excursions de groupe, notre \u00e9quipe se consacre \u00e0 vous offrir une exp\u00e9rience de voyage con\u00e7ue sp\u00e9cialement pour vous.<\/li>\n<\/ul>\n\n\n\n<h3 class=\"wp-block-heading\"><strong>Notre engagement envers l\u2019excellence<\/strong><\/h3>\n\n\n\n<p>Chez <strong>Taxi Arganier<\/strong>, nous sommes bien plus qu\u2019une simple entreprise de transport. Nous sommes une \u00e9quipe de professionnels passionn\u00e9s qui se soucient de fournir \u00e0 nos clients la meilleure exp\u00e9rience possible lors de leurs voyages au Maroc. Nous comprenons que chaque voyageur a des besoins et des attentes uniques, c\u2019est pourquoi nous nous engageons \u00e0 offrir des services personnalis\u00e9s qui d\u00e9passent ces attentes.<\/p>\n\n\n\n<p>Notre objectif est de faire en sorte que votre s\u00e9jour au Maroc soit aussi agr\u00e9able et m\u00e9morable que possible. Du moment o\u00f9 vous r\u00e9servez votre excursion jusqu&#8217;\u00e0 votre d\u00e9part, nous sommes l\u00e0 pour vous guider, vous assister et vous offrir un service de la plus haute qualit\u00e9. Nous croyons en la puissance du voyage pour ouvrir les c\u0153urs et les esprits, et nous sommes fiers de faire partie de votre aventure au Maroc.<\/p>\n\n\n\n<p><strong>Taxi Arganier<\/strong> vous invite \u00e0 d\u00e9couvrir le Maroc d&#8217;une mani\u00e8re confortable, excitante et v\u00e9ritablement inoubliable. Que vous d\u00e9couvriez l\u2019histoire du pays, vous d\u00e9tendiez sur ses plages magnifiques ou exploriez ses paysages naturels \u00e0 couper le souffle, nous sommes l\u00e0 pour rendre vos d\u00e9placements extraordinaires. Rejoignez-nous et laissez-nous vous emmener \u00e0 la d\u00e9couverte de l\u2019un des pays les plus beaux et diversifi\u00e9s du monde !<\/p>\n<\/div>\n","protected":false},"excerpt":{"rendered":"<p>Chez Taxi Arganier, nous sommes passionn\u00e9s par l&#8217;offre d&#8217;exp\u00e9riences de voyage inoubliables au Maroc, que vous visitiez pour les loisirs, [&hellip;]<\/p>\n","protected":false},"author":1,"featured_media":0,"parent":0,"menu_order":0,"comment_status":"closed","ping_status":"closed","template":"","meta":{"_uag_custom_page_level_css":"","site-sidebar-layout":"default","site-content-layout":"","ast-site-content-layout":"default","site-content-style":"default","site-sidebar-style":"default","ast-global-header-display":"","ast-banner-title-visibility":"","ast-main-header-display":"","ast-hfb-above-header-display":"","ast-hfb-below-header-display":"","ast-hfb-mobile-header-display":"","site-post-title":"","ast-breadcrumbs-content":"","ast-featured-img":"","footer-sml-layout":"","ast-disable-related-posts":"","theme-transparent-header-meta":"","adv-header-id-meta":"","stick-header-meta":"","header-above-stick-meta":"","header-main-stick-meta":"","header-below-stick-meta":"","astra-migrate-meta-layouts":"default","ast-page-background-enabled":"default","ast-page-background-meta":{"desktop":{"background-color":"var(--ast-global-color-4)","background-image":"","background-repeat":"repeat","background-position":"center center","background-size":"auto","background-attachment":"scroll","background-type":"","background-media":"","overlay-type":"","overlay-color":"","overlay-opacity":"","overlay-gradient":""},"tablet":{"background-color":"","background-image":"","background-repeat":"repeat","background-position":"center center","background-size":"auto","background-attachment":"scroll","background-type":"","background-media":"","overlay-type":"","overlay-color":"","overlay-opacity":"","overlay-gradient":""},"mobile":{"background-color":"","background-image":"","background-repeat":"repeat","background-position":"center center","background-size":"auto","background-attachment":"scroll","background-type":"","background-media":"","overlay-type":"","overlay-color":"","overlay-opacity":"","overlay-gradient":""}},"ast-content-background-meta":{"desktop":{"background-color":"var(--ast-global-color-5)","background-image":"","background-repeat":"repeat","background-position":"center center","background-size":"auto","background-attachment":"scroll","background-type":"","background-media":"","overlay-type":"","overlay-color":"","overlay-opacity":"","overlay-gradient":""},"tablet":{"background-color":"var(--ast-global-color-5)","background-image":"","background-repeat":"repeat","background-position":"center center","background-size":"auto","background-attachment":"scroll","background-type":"","background-media":"","overlay-type":"","overlay-color":"","overlay-opacity":"","overlay-gradient":""},"mobile":{"background-color":"var(--ast-global-color-5)","background-image":"","background-repeat":"repeat","background-position":"center center","background-size":"auto","background-attachment":"scroll","background-type":"","background-media":"","overlay-type":"","overlay-color":"","overlay-opacity":"","overlay-gradient":""}},"footnotes":""},"class_list":["post-1874","page","type-page","status-publish","hentry"],"uagb_featured_image_src":{"full":false,"thumbnail":false,"medium":false,"medium_large":false,"large":false,"1536x1536":false,"2048x2048":false},"uagb_author_info":{"display_name":"Taxi Arganier","author_link":"https:\/\/www.taxi-essaouira-marrakech.com\/t\/author\/taxamin\/"},"uagb_comment_info":0,"uagb_excerpt":"Chez Taxi Arganier, nous sommes passionn\u00e9s par l&#8217;offre d&#8217;exp\u00e9riences de voyage inoubliables au Maroc, que vous visitiez pour les loisirs, [&hellip;]","_links":{"self":[{"href":"https:\/\/www.taxi-essaouira-marrakech.com\/t\/wp-json\/wp\/v2\/pages\/1874","targetHints":{"allow":["GET"]}}],"collection":[{"href":"https:\/\/www.taxi-essaouira-marrakech.com\/t\/wp-json\/wp\/v2\/pages"}],"about":[{"href":"https:\/\/www.taxi-essaouira-marrakech.com\/t\/wp-json\/wp\/v2\/types\/page"}],"author":[{"embeddable":true,"href":"https:\/\/www.taxi-essaouira-marrakech.com\/t\/wp-json\/wp\/v2\/users\/1"}],"replies":[{"embeddable":true,"href":"https:\/\/www.taxi-essaouira-marrakech.com\/t\/wp-json\/wp\/v2\/comments?post=1874"}],"version-history":[{"count":2,"href":"https:\/\/www.taxi-essaouira-marrakech.com\/t\/wp-json\/wp\/v2\/pages\/1874\/revisions"}],"predecessor-version":[{"id":1950,"href":"https:\/\/www.taxi-essaouira-marrakech.com\/t\/wp-json\/wp\/v2\/pages\/1874\/revisions\/1950"}],"wp:attachment":[{"href":"https:\/\/www.taxi-essaouira-marrakech.com\/t\/wp-json\/wp\/v2\/media?parent=1874"}],"curies":[{"name":"wp","href":"https:\/\/api.w.org\/{rel}","templated":true}]}}